{"id":2620,"date":"2022-03-18T12:15:36","date_gmt":"2022-03-18T11:15:36","guid":{"rendered":"http:\/\/sfej.asso.fr\/?page_id=2620"},"modified":"2024-12-04T19:14:11","modified_gmt":"2024-12-04T18:14:11","slug":"atelier-doctoral-de-la-sfej","status":"publish","type":"page","link":"http:\/\/sfej.asso.fr\/?page_id=2620","title":{"rendered":"Atelier doctoral de la SFEJ"},"content":{"rendered":"\n<h2 class=\"wp-block-heading\">Atelier doctoral de la SFEJ<\/h2>\n\n\n\n<p>La SFEJ organise depuis 2009 l\u2019atelier doctoral national des \u00e9tudes japonaises (ADEJ), en alternance avec le colloque.&nbsp;<\/p>\n\n\n\n<p>Il s\u2019agit d\u2019un espace d\u2019\u00e9change, o\u00f9 les doctorants inscrits dans des \u00e9tablissements de pays francophones se retrouvent pour pr\u00e9senter leur travail de recherche. <\/p>\n\n\n\n<hr class=\"wp-block-separator has-alpha-channel-opacity\"\/>\n\n\n\n<p class=\"has-black-color has-text-color has-link-color wp-elements-7e4597c1e3d251ac29b55e0e0d09b22d\"><strong>8e Atelier doctoral des \u00e9tudes japonaises, 13 d\u00e9cembre 2024, Inalco<\/strong><br>Organisation : Romina Bartocci (IFRAE, Inalco) et Romain Lebailly (Sirice, Paris-1 Panth\u00e9on-Sorbonne)<br><a href=\"http:\/\/sfej.asso.fr\/wp-content\/uploads\/2024\/12\/Affiche-ADEJ-2024.pdf\" data-type=\"link\" data-id=\"http:\/\/sfej.asso.fr\/wp-content\/uploads\/2024\/12\/Affiche-ADEJ-2024.pdf\">Programme<\/a><br><span style=\"text-decoration: underline;\"><\/span><\/p>\n\n\n\n<p><strong>7e Atelier doctoral des \u00e9tudes japonaises, vendredi 9 d\u00e9cembre 2022, Universit\u00e9 Paris Cit\u00e9<\/strong><br>Organisation : Myriam Akian et Cyrian Pitteloud<br><a rel=\"noreferrer noopener\" href=\"http:\/\/sfej.asso.fr\/wp-content\/uploads\/2022\/11\/ADEJ-2022_Programme.pdf\" data-type=\"URL\" data-id=\"http:\/\/sfej.asso.fr\/wp-content\/uploads\/2022\/11\/ADEJ-2022_Programme.pdf\" target=\"_blank\">Programme<\/a> \/ <a rel=\"noreferrer noopener\" href=\"http:\/\/sfej.asso.fr\/wp-content\/uploads\/2022\/12\/ADEJ-2022.pdf\" data-type=\"URL\" data-id=\"http:\/\/sfej.asso.fr\/wp-content\/uploads\/2022\/12\/ADEJ-2022.pdf\" target=\"_blank\">Affiche et programme<\/a> \/ <a rel=\"noreferrer noopener\" href=\"http:\/\/sfej.asso.fr\/wp-content\/uploads\/2022\/12\/ADEJ-2022_Livret-des-presentations-Final.pdf\" data-type=\"URL\" data-id=\"http:\/\/sfej.asso.fr\/wp-content\/uploads\/2022\/12\/ADEJ-2022_Livret-des-presentations-Final.pdf\" target=\"_blank\">Livret avec r\u00e9sum\u00e9s des interventions<\/a> \/ <a href=\"http:\/\/sfej.asso.fr\/wp-content\/uploads\/2022\/12\/ADEJ-2022_Plan-dacces-scaled.jpg\" data-type=\"URL\" data-id=\"http:\/\/sfej.asso.fr\/wp-content\/uploads\/2022\/12\/ADEJ-2022_Plan-dacces-scaled.jpg\" target=\"_blank\" rel=\"noreferrer noopener\">Plan d&rsquo;acc\u00e8s<\/a><\/p>\n\n\n\n<p><strong>6e Atelier doctoral des \u00e9tudes japonaises<\/strong>, vendredi 24 janvier 2020, Universit\u00e9 Lyon 3 Jean Moulin<br>Organisation : Clara Wartelle (Inalco, Ifrae) et Lucie Tisserand (Universit\u00e9 Lyon 3, IETT)<br><a href=\"http:\/\/sfej.asso.fr\/wp-content\/uploads\/2022\/01\/Affiche-programme-2020.pdf\">Programme<\/a><\/p>\n\n\n\n<p><strong>5e Atelier doctoral des \u00e9tudes japonaises<\/strong>, vendredi 8 d\u00e9cembre 2018, EHESS, Paris<br>Organisation : Tokumitsu Naoko (EHESS, CMH) et Delphine Vomschied (EPHE, CRCAO)<br><a href=\"http:\/\/sfej.asso.fr\/wp-content\/uploads\/2022\/01\/affiche_adej_2017-1-scaled.jpg\">Programme<\/a><\/p>\n\n\n\n<p><strong>4e Atelier doctoral des \u00e9tudes japonaises<\/strong>, vendredi 11 d\u00e9cembre 2015, EHESS, Paris<br>Organisation : Yola Gloaguen (EPHE, CRCAO) et Aur\u00e9lien Allard (Inalco)<br><a href=\"http:\/\/sfej.asso.fr\/wp-content\/uploads\/2022\/01\/Poster-ADEJ-2015-orange-vert-scaled.jpg\">Programme<\/a><\/p>\n","protected":false},"excerpt":{"rendered":"<p>Atelier doctoral de la SFEJ La SFEJ organise depuis 2009 l\u2019atelier doctoral national des \u00e9tudes japonaises (ADEJ), en alternance avec le colloque.&nbsp; Il s\u2019agit d\u2019un espace d\u2019\u00e9change, o\u00f9 les doctorants inscrits dans des \u00e9tablissements de pays francophones se retrouvent pour&hellip;&nbsp;<a href=\"http:\/\/sfej.asso.fr\/?page_id=2620\" class=\"more-link\">Lire la suite<\/a><\/p>\n","protected":false},"author":3,"featured_media":2621,"parent":0,"menu_order":0,"comment_status":"closed","ping_status":"closed","template":"","meta":{"_EventAllDay":false,"_EventTimezone":"","_EventStartDate":"","_EventEndDate":"","_EventStartDateUTC":"","_EventEndDateUTC":"","_EventShowMap":false,"_EventShowMapLink":false,"_EventURL":"","_EventCost":"","_EventCostDescription":"","_EventCurrencySymbol":"","_EventCurrencyCode":"","_EventCurrencyPosition":"","_EventDateTimeSeparator":"","_EventTimeRangeSeparator":"","_EventOrganizerID":[],"_EventVenueID":[],"_OrganizerEmail":"","_OrganizerPhone":"","_OrganizerWebsite":"","_VenueAddress":"","_VenueCity":"","_VenueCountry":"","_VenueProvince":"","_VenueState":"","_VenueZip":"","_VenuePhone":"","_VenueURL":"","_VenueStateProvince":"","_VenueLat":"","_VenueLng":"","_VenueShowMap":false,"_VenueShowMapLink":false,"footnotes":""},"class_list":["post-2620","page","type-page","status-publish","has-post-thumbnail","hentry"],"_links":{"self":[{"href":"http:\/\/sfej.asso.fr\/index.php?rest_route=\/wp\/v2\/pages\/2620","targetHints":{"allow":["GET"]}}],"collection":[{"href":"http:\/\/sfej.asso.fr\/index.php?rest_route=\/wp\/v2\/pages"}],"about":[{"href":"http:\/\/sfej.asso.fr\/index.php?rest_route=\/wp\/v2\/types\/page"}],"author":[{"embeddable":true,"href":"http:\/\/sfej.asso.fr\/index.php?rest_route=\/wp\/v2\/users\/3"}],"replies":[{"embeddable":true,"href":"http:\/\/sfej.asso.fr\/index.php?rest_route=%2Fwp%2Fv2%2Fcomments&post=2620"}],"version-history":[{"count":16,"href":"http:\/\/sfej.asso.fr\/index.php?rest_route=\/wp\/v2\/pages\/2620\/revisions"}],"predecessor-version":[{"id":6996,"href":"http:\/\/sfej.asso.fr\/index.php?rest_route=\/wp\/v2\/pages\/2620\/revisions\/6996"}],"wp:featuredmedia":[{"embeddable":true,"href":"http:\/\/sfej.asso.fr\/index.php?rest_route=\/wp\/v2\/media\/2621"}],"wp:attachment":[{"href":"http:\/\/sfej.asso.fr\/index.php?rest_route=%2Fwp%2Fv2%2Fmedia&parent=2620"}],"curies":[{"name":"wp","href":"https:\/\/api.w.org\/{rel}","templated":true}]}}